1269727 a composite number?
True
Is 1191185 a prime number?
False
Is 62490059 a prime number?
False
Is 21261593 a composite number?
False
Is 21045209 a composite number?
True
Is 517547 a prime number?
True
Is 100620155 prime?
False
Is 4407653 composite?
False
Is 1770679 prime?
True
Is 1720769 composite?
False
Is 74682187 a prime number?
True
Is 24883333 prime?
True
Is 10939133 a composite number?
True
Is 1466099 a composite number?
False
Is 63165833 composite?
True
Is 539485 a composite number?
True
Is 336629519 prime?
True
Is 7208189 a composite number?
False
Is 190748737 a composite number?
False
Is 9611611 composite?
False
Is 4704099 a composite number?
True
Is 32479745 a composite number?
True
Is 3446551 a prime number?
True
Is 118704869 prime?
True
Is 9203647 a prime number?
False
Is 2410897 a composite number?
False
Is 62013521 composite?
True
Is 2496931 a composite number?
True
Is 230293489 prime?
True
Is 48555097 composite?
False
Is 569539 composite?
True
Is 2729587 a prime number?
False
Is 52882861 composite?
False
Is 50916757 composite?
True
Is 104643527 prime?
True
Is 4826645 prime?
False
Is 833676301 prime?
False
Is 41221613 a prime number?
True
Is 58602997 a composite number?
True
Is 74420071 a composite number?
True
Is 45005723 a prime number?
False
Is 33893543 prime?
True
Is 1544909381 a prime number?
True
Is 344428421 a prime number?
True
Is 2374109 a prime number?
True
Is 829151 a composite number?
False
Is 3945631 prime?
True
Is 91044871 composite?
True
Is 130367609 a prime number?
True
Is 889041 composite?
True
Is 498800807 a composite number?
False
Is 1020082883 prime?
True
Is 415281 composite?
True
Is 76109471 a composite number?
False
Is 159332833 a composite number?
True
Is 3978395 prime?
False
Is 32428769 a composite number?
False
Is 718981 prime?
False
Is 1188223 a prime number?
True
Is 125252053 a composite number?
False
Is 544429 prime?
True
Is 951331 composite?
False
Is 185486843 composite?
False
Is 882046923 a prime number?
False
Is 2746901 composite?
False
Is 3610861 prime?
True
Is 24201209 a prime number?
False
Is 13447151 composite?
False
Is 29686483 a composite number?
False
Is 178427 composite?
True
Is 55431583 prime?
True
Is 31803713 a prime number?
True
Is 11286901 a prime number?
True
Is 6290497 a composite number?
False
Is 8653859 a prime number?
True
Is 62227111 a composite number?
False
Is 9923489 prime?
False
Is 18079667 a prime number?
True
Is 16351306 prime?
False
Is 2746661 a prime number?
True
Is 621446419 prime?
False
Is 485951909 a composite number?
False
Is 5455727 composite?
False
Is 23842781 a composite number?
False
Is 788343 composite?
True
Is 874853 prime?
False
Is 20458811 composite?
True
Is 757369 a composite number?
True
Is 3800369 composite?
False
Is 13698661 composite?
True
Is 55490939 prime?
False
Is 2316757 a prime number?
True
Is 4100893 a composite number?
True
Is 48678766 composite?
True
Is 201056519 composite?
True
Is 3654943 composite?
True
Is 3665507 a prime number?
True
Is 3579523 a prime number?
True
Is 18937753 composite?
True
Is 194848613 a prime number?
False
Is 5470207 a prime number?
False
Is 35486681 composite?
False
Is 10467857 a composite number?
False
Is 26149951 a composite number?
False
Is 11021113 composite?
False
Is 108973181 a prime number?
True
Is 12355331 a prime number?
True
Is 41702623 a composite number?
False
Is 209623951 composite?
True
Is 7499483 a composite number?
False
Is 41580023 composite?
True
Is 134805269 a prime number?
True
Is 163453579 a composite number?
False
Is 312751 a prime number?
False
Is 256100353 prime?
True
Is 3121139 composite?
True
Is 3075299 composite?
False
Is 322966681 a prime number?
True
Is 9452361 composite?
True
Is 14525081 composite?
True
Is 4660349 a prime number?
True
Is 645001 a prime number?
False
Is 468830609 a prime number?
False
Is 343261 a prime number?
True
Is 1554913 prime?
True
Is 44751173 composite?
False
Is 1344721 prime?
False
Is 196090871 composite?
False
Is 111975401 prime?
True
Is 1382089 a composite number?
False
Is 6324199 composite?
True
Is 8363449 prime?
False
Is 19842127 prime?
True
Is 188843 a composite number?
False
Is 585723 a prime number?
False
Is 84386431 composite?
False
Is 72047491 composite?
False
Is 3043507 prime?
True
Is 64365209 prime?
False
Is 2810461 composite?
True
Is 334051 prime?
False
Is 3490277 prime?
False
Is 208927 a composite number?
False
Is 2556683 composite?
False
Is 89819074 a composite number?
True
Is 21912771 a composite number?
True
Is 43440647 composite?
False
Is 4476917 prime?
True
Is 2245183 a composite number?
False
Is 152779183 a prime number?
True
Is 37843199 prime?
True
Is 4197653 prime?
False
Is 13068901 prime?
True
Is 6454967 a prime number?
False
Is 32021113 a prime number?
True
Is 24722543 composite?
False
Is 7265699 a prime number?
False
Is 81843301 composite?
True
Is 945131855 prime?
False
Is 4053859 prime?
False
Is 29995649 composite?
False
Is 16931659 prime?
True
Is 74096065 prime?
False
Is 11929327 a prime number?
False
Is 143307589 composite?
True
Is 33575887 a prime number?
True
Is 17118419 prime?
True
Is 1956646 composite?
True
Is 64334609 prime?
False
Is 589372081 a composite number?
False
Is 143990339 a prime number?
True
Is 1744913 composite?
True
Is 1902059 composite?
True
Is 979899 a composite number?
True
Is 541613 a prime number?
True
Is 874523 prime?
False
Is 61867391 a prime number?
True
Is 165173 a prime number?
True
Is 893023 a prime number?
True
Is 1611381 a composite number?
True
Is 223395883 a prime number?
True
Is 31204699 a composite number?
True
Is 34596269 a composite number?
False
Is 2800103 a composite number?
False
Is 734159 composite?
False
Is 353938537 prime?
True
Is 815441 prime?
False
Is 5436217 a composite number?
False
Is 31813271 a prime number?
False
Is 17370179 composite?
False
Is 106795613 a composite number?
False
Is 32844157 composite?
True
Is 105934694 a composite number?
True
Is 88079257 composite?
True
Is 66502681 composite?
True
Is 11055259 composite?
True
Is 237695845 composite?
True
Is 5012887 a prime number?
False
Is 275001521 composite?
False
Is 171464357 composite?
False
Is 5025187 prime?
True
Is 134146697 a composite number?
True
Is 4402987 prime?
True
Is 681319 composite?
True
Is 3813281 prime?
False
Is 20168249 prime?
False
Is 17778533 a composite number?
False
Is 323959819 a composite number?
True
Is 1412087 a composite number?
False
Is 2895323 composite?
False
Is 19561639 prime?
True
Is 193723583 prime?
False
Is 17594007 composite?
True
Is 2575949 prime?
False
Is 2462947 a composite number?
True
Is 790537 a composite number?
True
Is 10198897 a composite number?
False
Is 2573443 composite?
True
Is 1312913 composite?
True
Is 13810921 a composite number?
False
Is 171091274 a prime number?
False
Is 181057 a composite number?
True
Is 203207159 prime?
True
Is 54891493 a prime number?
True
Is 410429 prime?
False
Is 25882309 a composite number?
False
Is 1560827 a composite number?
True
Is 962599 composite?
True
Is 193546441 prime?
False
Is 76209271 prime?
False
Is 9623863 prime?
True
Is 104973731 a prime number?
False
Is 58331587 prime?
True
Is 52856563 prime?
True
Is 10784813 prime?
False
Is 165108611 a prime number?
True
Is 1939186 prime?
False
Is 55451387 a composite number?
True
Is 300698813 a composite number?
False
Is 4985443 a composite number?
False
Is 2540479 a composite number?
False
Is 14514151 a composite number?
True
Is 168913 composite?
False
Is 5342891 prime?
True
Is 19589461 prime?
True
Is 15736739 prime?
True
Is 382189 a prime number?
True
Is 7573123 prime?
False
Is 22610989 a prime number?
False
Is 3742877 composite?
False
Is 1152733 prime?
True
Is 91107593 composite?
False
Is 507199489 a composite number?
False
Is 5493829 composite?
True
Is 83215243 composite?
True
Is 443297 a composite number?
True
Is 60885641 a prime number?
True
Is 1320521 a prime number?
False
Is 62569 prime?
False
Is 149059631 a prime number?
False
Is 15849017 a prime number?
True
Is 324977 composite?
False
Is 12394043 a composite number?
False
Is 210560647 composite?
True
Is 14709493 a composite number?
False
Is 14476919 a composite number?
False
Is 74774629 composite?
False
Is 19747267 prime?
False
Is 1222751 prime?
True
